*a + u*z = -73, -2*z + 27 - 115 = -4*a. What is the units digit of a?
1
Let l(c) = c**2 - c - 21. Let a be l(-5). What is the tens digit of (-2 - -13)*a + 0?
9
Suppose 0 = -2*y - 3*m + 5052, 2*y - 3*m - 1742 = 3298. What is the hundreds digit of y?
5
Suppose 5*h = -p + 545 - 55, 4*p - 1939 = h. What is the hundreds digit of p?
4
Suppose 0 = 11*g - 6*g + 6410. What is the tens digit of g/(-18) + 34/(-153)?
7
Let j = -12 - -6. Let s(d) = -11*d + 2. Let b(t) = -10*t + 1. Let a(z) = j*b(z) + 5*s(z). What is the tens digit of a(5)?
2
Suppose 3*g = f + 7, 6*g = -f + g + 17. Suppose t = -3*t - 4*p + 76, f*t - 53 = 3*p. What is the tens digit of t?
2
What is the hundreds digit of -10 + (-89)/(-9) + (-7328)/(-18)?
4
Suppose -7*n + 1700 = 3*n. What is the tens digit of n?
7
Suppose 34 = -q + 7. Let g be 78*(0 + 3*4/24). Let h = q + g. What is the units digit of h?
2
Let a(t) = -t**2 + 4. Let m be a(-3). Let d(u) = -6*u + 13 + 2*u - 3*u. What is the units digit of d(m)?
8
Let s(v) = v**3 + 13*v**2 - v - 19. Let q be s(-13). Let j = 40 + q. What is the tens digit of j?
3
Suppose -2*k = 3*m + 57, k + m + 6 + 21 = 0. Let p be ((-3)/4)/(6/k). Suppose 38 = 2*b - 2*v, -5*b + p*v + 85 = -0*v. What is the units digit of b?
4
Let l = -1399 - -2115. What is the hundreds digit of l?
7
Suppose 0 = -2*m + 5*f - 13, 10 + 25 = 5*m + f. Suppose 0 = 5*z - 5*t + m*t - 255, -230 = -5*z + 4*t. Let a = z - 35. What is the units digit of a?
5
Let m be (-7)/(-9) + (-12)/(-54). Let v be -6 - (-16)/4 - m. What is the units digit of 2*(5 + -1 + v)?
2
Let m be (67 + 3)/((-2)/(-113)*-1). What is the units digit of (2 - 4)/10 + m/(-25)?
8
Let z(p) = -p - 8. Let k be z(-8). Suppose -c + 5*c + 5*u - 36 = k, 3*c = 3*u. What is the units digit of c?
4
Suppose 12*n + 2*d + 4044 = 16*n, 0 = 3*n - 2*d - 3033. What is the hundreds digit of n?
0
Suppose 3*p - 117 = -0*p. Suppose -4*y = -j - 275, y - 2*j - p = 28. What is the units digit of y?
9
Suppose -5*v - 21 = r, r = -0*r - v - 1. Suppose -5*p = -3*l + 16, -3*p - 1 = r*l - 3. Suppose l = 4*a - 26. What is the units digit of a?
7
Suppose 0 = -5*a + 2*y - 5*y + 28, -2*y + 27 = 5*a. Let o(x) = -9 - a*x - x**2 - 2*x - 3*x - 3*x. What is the units digit of o(-12)?
3
Let r be 10604/40*-4 - (-4)/10. What is the tens digit of r/(-8) - 1/2?
3
Let c(p) = -7*p - 5. Let x = 78 + -86. What is the units digit of c(x)?
1
Let u(h) = h**3 - 4*h**2 + 6*h - 5. Let g be u(5). Suppose 3*y - 80 = -4*k, 2*k + 5*y - g = y. Let r = k + -13. What is the units digit of r?
4
Let q be 3 + -10 + 5 + -2 - -53. Let m be 2/4*1*58. Let g = q - m. What is the tens digit of g?
2
What is the tens digit of 209/19 + -4 + (-6006)/(-2)?
1
Suppose 2*z - f - 54 = -13, 0 = -z - 5*f - 7. What is the tens digit of z?
1
Let w = 2238 + -1571. What is the hundreds digit of w?
6
Let a(j) = -2*j**2 - 2*j + 547. What is the hundreds digit of a(0)?
5
Suppose -v + 4*v = 45. Let t = -22 + v. Let f = -2 - t. What is the units digit of f?
5
Let m = -401 + 768. What is the units digit of m?
7
Suppose -1611 - 969 = -4*k. Suppose -w = 4*w - k. Suppose 51 = -2*b + w. What is the tens digit of b?
3
Suppose h + q + 2*q - 157 = 0, h + 5*q = 161. Let g = -90 + h. What is the tens digit of g?
6
Let p = 1 + 1. Let n = 116 - 105. Suppose 0 = 2*u + l - n, 0*u = -p*u - 4*l + 14. What is the units digit of u?
5
Suppose -2*n = -4*w + 4188, w - 670 - 383 = 2*n. What is the hundreds digit of w?
0
Suppose -3*b + g + 543 = 0, 3*b + g - 897 = -2*b. What is the units digit of b?
0
Suppose -20 = -4*w - 2*n - 0*n, -5*w + n + 11 = 0. Suppose -1 + w = -2*h. What is the units digit of (3/1 + -7)/h?
4
Let d(i) = i**2 + 6*i + 3. Let s be d(-6). Let c(n) = -n**s + 1 - 5*n + 2*n**2 - 2*n + 6*n**2. What is the units digit of c(7)?
1
Let f = 509 - 503. What is the units digit of f?
6
Suppose 4*p - 223 = -w + 56, w - 2*p - 267 = 0. What is the tens digit of w?
7
Let i be ((-2)/6)/((-12)/72). Let m(f) = i*f + 13*f + 0*f - 5. What is the tens digit of m(3)?
4
Let z(b) = -91*b**3 - 4. Let j be z(2). What is the hundreds digit of (8/16)/((-2)/j)?
1
Let g = -71 + 136. Let c = g - -46. What is the hundreds digit of c?
1
Let i(n) = 30*n - 28. Let a(d) = 89*d - 85. Let b(l) = 4*a(l) - 11*i(l). What is the units digit of b(9)?
2
Let d = 113 + -2. What is the tens digit of d?
1
Suppose 13*v = 4*v + 2277. What is the hundreds digit of v?
2
Let s(t) be the third derivative of 1/12*t**4 + 0*t - 7/6*t**3 + 0 - 10*t**2. What is the tens digit of s(9)?
1
Let i = 1633 + -826. What is the units digit of i?
7
Suppose -5*t = -5*j - 85, -3*t - 25 = 3*j - 2*j. What is the units digit of j*-2*1 - 126/42?
5
Let u = -2002 + 4175. What is the hundreds digit of u?
1
Let l(u) = -24*u - 179. What is the tens digit of l(-31)?
6
Suppose 472 = 4*d - 4*g - 0*g, -4*d - 3*g = -451. Suppose d = 6*r - 5*r. What is the tens digit of r?
1
Let p(l) = -4*l - 13. Let q(x) = -3*x**2 + 3 + 4*x**3 - 2*x**3 - 4*x - x**3. Let z be q(3). What is the tens digit of p(z)?
2
Let i(s) = -3 - 66*s**3 - 3 + 4*s + 15*s**2 + 67*s**3 + 2*s. What is the tens digit of i(-14)?
0
Suppose l + w - 104 = 0, -2*l - 3*l = 3*w - 528. Suppose -3*g - 2*g = -4*m + l, -5*m = 3*g - 98. What is the units digit of m?
2
Let f(b) = 63*b + 22. Let j be f(4). Suppose -5*p + 431 = -j. What is the units digit of p?
1
Suppose 2*c + 8*d = 9*d + 2645, -3*d = -2*c + 2635. What is the thousands digit of c?
1
Suppose -8721 + 1981 = -3*k - n, n = -1. What is the tens digit of k?
4
Let k(s) = -3 - 1 - 11*s + 5 - 2*s. Let v be k(-5). Suppose -5*i + 2*f = -132, -60 = -5*i - 4*f + v. What is the tens digit of i?
2
Let r(d) = 61*d**2 - 20*d + 95. What is the units digit of r(4)?
1
Let v(d) = 3*d**2 - 12*d - 3. Let m = -8 - -17. Let z be v(m). What is the tens digit of ((-4)/(-8))/(1/z)?
6
Let m = 520 - 313. What is the units digit of m?
7
Suppose 2*b + 4*d - 106 = 3*b, 4*b = 3*d - 359. Let q = b + 161. What is the units digit of q?
5
Suppose 3*k = -4*a + 1522, 10*k - 5*k = 4*a - 1506. Suppose -71 = -w - 4*b, -4*b + 55 = -4*w + a. What is the tens digit of w?
7
Let d(l) = l + 10. Let h be d(-9). Let a = h - -22. Suppose a = 2*u - 3*w - 111, -2*u = 2*w - 144. What is the tens digit of u?
7
Suppose -3 = 4*x + 3*z - 6*z, x = -4*z + 23. Suppose -2 = -r + x. What is the units digit of r?
5
Suppose -3*l = -s + 14, 0*l + 2*s = -5*l - 27. Let x be (-72)/l + (-6)/15. Suppose -4*h = 5*q - 26 - x, 4*h = 2*q + 68. What is the tens digit of h?
1
Let f(q) = -q**3 + 14*q**2 - 11*q - 22. What is the units digit of f(13)?
4
Suppose 134 = 5*g + 334. Let i = 76 + g. What is the tens digit of i?
3
Suppose 18*b - 16366 + 6088 = 0. What is the hundreds digit of b?
5
Suppose -3*o + 2*c + 873 = 249, -4*c = 12. Suppose 0 = -4*j + y - 0*y + 830, j - y = o. What is the tens digit of j?
0
Let k be 7 + -4 - (2 - 3). Suppose 0 = l - k*l + 54. Suppose -l*t - 48 = -20*t. What is the units digit of t?
4
Suppose 5*c - 94 = 216. Suppose x - 5*l + 67 = 0, 0 = 2*x + l + c + 61. Let v = x - -91. What is the units digit of v?
9
Let y = -33 - -803. What is the tens digit of y?
7
Let m(p) = p**2 - 22*p - 35*p + 3*p**2 + 70*p. What is the hundreds digit of m(6)?
2
Suppose -2472 - 675 = -3*x. Suppose x = 9*i - 625. What is the tens digit of i?
8
Suppose 4*h - 3*h = 3*x + 23, 3*x = 3*h - 99. Let n = h - 9. Suppose n = c - 13. What is the tens digit of c?
4
Let u(t) = -t**3 + 7*t**2 - 3*t + 5. Let l be u(6). Suppose -4*v + d = 3*d - 36, -v - 4*d + 2 = 0. Let y = l + v. What is the tens digit of y?
3
Suppose c - 1 = -3, -6 = -3*t - 3*c. Suppose 0 = -t*b + 20 + 68. What is the tens digit of b?
2
Suppose 0 = 5*m + 5 - 30. Suppose 7*s - 26 = m*s. What is the units digit of s?
3
Let b(l) = -11*l + 3. Let v be b(-5). Let u = 88 - v. What is the units digit of u?
0
What is the units digit of 11466/14 - (0 + 1 - -1)?
7
Let l(a) = -a**3 + a**2 + a + 2. Let c be l(4). Let r(v) = 30*v**2 - 21*v - 4. Let w be r(2). Let o = c + w. What is the tens digit of o?
3
Let r be 1680/77 - 2/(-11). Suppose p - 1 = t, -r = -4*t + 2*t - 4*p. Suppose -12 = -t*n, -3*s - 4*n - n = -86. What is the tens digit of s?
2
Let c(b) = -b**3 + 7*b**2 - 5*b - 6. Let p be c(6). Let i be 1 - ((2 - -31) + p). What is the units digit of (i/(-40))/(2/15)?
6
Suppose 2*k - 7*f = -10*f + 637, -f - 972 